3?
102201
4132 (base 6) to base 2
1110011000
-44cd (base 15) to base 4
-3210001
What is -1171 (base 9) in base 15?
-3d4
What is -98b8 (base 13) in base 7?
-116013
Convert -10b (base 13) to base 9.
-220
568 (base 9) to base 7
1235
Convert -602 (base 9) to base 13.
-2b7
What is 201112 (base 3) in base 11?
43a
What is 23311232 (base 4) in base 13?
190c4
4810 (base 15) to base 2
11101111010011
2232a (base 11) to base 3
1122100202
1203042 (base 5) to base 15
68ec
11332 (base 4) to base 3
112011
Convert -334 (base 5) to base 8.
-136
3253 (base 6) to base 11
625
Convert -3341 (base 6) to base 5.
-11111
Convert 1551 (base 8) to base 15.
3d3
1205 (base 11) to base 9
2143
What is -1a0a (base 12) in base 11?
-242a
134334 (base 5) to base 15
19ce
What is -2071 (base 9) in base 7?
-4303
What is 1110 (base 10) in base 13?
675
What is 1002222 (base 3) in base 2?
1100101001
Convert -1003330 (base 4) to base 12.
-2624
-246 (base 13) to base 8
-614
-40c3 (base 13) to base 14
-3391
What is 1224 (base 11) in base 10?
1599
What is 210210 (base 6) in base 13?
7920
Convert 3e0 (base 15) to base 9.
1183
What is -110101 (base 5) in base 16?
-ec0
-110011011111 (base 2) to base 11
-2526
Convert -27a (base 16) to base 8.
-1172
Convert 101101010 (base 2) to base 10.
362
1110101111 (base 2) to base 5
12233
What is -1004 (base 12) in base 4?
-123010
What is 1 (base 5) in base 11?
1
11110000 (base 2) to base 7
462
Convert 1702 (base 8) to base 6.
4242
11310223 (base 4) to base 7
126352
Convert -30a (base 14) to base 10.
-598
What is 21 (base 10) in base 4?
111
-12ea (base 15) to base 9
-5484
Convert 20487 (base 10) to base 4.
11000013
11000111 (base 2) to base 4
3013
What is 10002112 (base 3) in base 9?
3075
Convert -16aa (base 14) to base 9.
-5522
Convert 23302322 (base 4) to base 3.
2110021102
What is -64 (base 14) in base 8?
-130
Convert -141d (base 14) to base 16.
-de3
100001 (base 3) to base 15
114
Convert -2697 (base 10) to base 2.
-101010001001
-12231 (base 4) to base 6
-1553
What is 296 (base 14) in base 12?
378
Convert 2a (base 11) to base 10.
32
What is 722 (base 16) in base 8?
3442
Convert 422 (base 6) to base 13.
c2
-3545 (base 6) to base 7
-2333
-211000012 (base 3) to base 11
-11065
What is 1469 (base 16) in base 9?
7145
What is 137 (base 14) in base 8?
365
-375a (base 16) to base 8
-33532
Convert -202200 (base 3) to base 5.
-4213
What is 819 (base 13) in base 10?
1374
What is 882 (base 13) in base 15?
673
What is 10101010111 (base 2) in base 10?
1367
What is -23300 (base 4) in base 10?
-752
Convert 9db (base 15) to base 2.
100010110111
Convert 752 (base 10) to base 14.
3ba
1414210 (base 5) to base 4
13021321
What is -1220 (base 7) in base 15?
-205
44022 (base 5) to base 9
4116
Convert 139 (base 10) to base 12.
b7
2a (base 12) to base 6
54
-100010101 (base 2) to base 16
-115
11101 (base 3) to base 14
86
What is -100f3 (base 16) in base 11?
-4546a
What is 14719 (base 15) in base 9?
110136
What is -1180 (base 14) in base 7?
-11620
Convert 1142222 (base 5) to base 3.
1002120121
Convert a70 (base 14) to base 3.
2211020
Convert 12101121 (base 3) to base 12.
2337
What is 4233 (base 5) in base 3?
210001
What is 546 (base 12) in base 8?
1406
-417 (base 10) to base 14
-21b
Convert 2913 (base 11) to base 15.
11b0
-592e (base 15) to base 11
-13262
Convert -121221002 (base 3) to base 5.
-343331
Convert -2122210 (base 3) to base 16.
-792
Convert 1121121012 (base 3) to base 16.
7c28
Convert -687d (base 14) to base 7.
-103616
9a25 (base 11) to base 2
11001110100000
Convert -7142 (base 8) to base 9.
-5041
What is 1060 (base 9) in base 13?
483
3aa (base 15) to base 3
1010221
-132330 (base 4) to base 12
-1190
-648 (base 12) to base 8
-1630
16254 (base 7) to base 15
1566
b7 (base 12) to base 15
94
-12643 (base 14) to base 11
-30a06
Convert 547 (base 9) to base 2.
111000000
What is -101301 (base 5) in base 3?
-11120012
-263d (base 15) to base 4
-1333132
What is -111101011110001 (base 2) in base 13?
-11430
25613 (base 9) to base 10
17265
Convert -14556 (base 7) to base 12.
-2423
1002 (base 9) to base 6
3215
What is -3241 (base 10) in base 16?
-ca9
Convert -31320 (base 4) to base 15.
-3e3
What is 132030 (base 4) in base 6?
12540
What is -1033 (base 8) in base 4?
-20123
Convert 4a4c (base 13) to base 4.
2210232
Convert -1035 (base 10) to base 2.
-10000001011
What is -143044 (base 6) in base 7?
-54520
What is -331203 (base 5) in base 3?
-120200021
-231 (base 12) to base 5
-2300
Convert 501 (base 11) to base 6.
2450
Convert -7c1 (base 16) to base 13.
-b99
19bc (base 16) to base 13
2cca
-ba7 (base 12) to base 6
-11531
Convert 2538 (base 9) to base 15.
868
Convert -10 (base 16) to base 9.
-17
906 (base 13) to base 3
2002120
What is 501 (base 6) in base 11?
155
186 (base 14) to base 6
1242
What is 10358 (base 11) in base 8?
35333
What is 1102121001 (base 3) in base 15?
850a
What is -140 (base 11) in base 5?
-1130
Convert 10311 (base 4) to base 12.
219
-1797 (base 13) to base 11
-26a6
Convert 1b16 (base 15) to base 4.
1123233
Convert 2a1 (base 16) to base 9.
827
d0b (base 15) to base 14
10da
47323 (base 8) to base 10
20179
What is -1010111011 (base 2) in base 11?
-586
Convert -3121 (base 8) to base 15.
-72c
What is -1457 (base 11) in base 10?
-1877
-82 (base 12) to base 13
-77
What is 23534 (base 6) in base 7?
13015
-12917 (base 10) to base 5
-403132
What is -764 (base 9) in base 15?
-2ba
100 (base 5) to base 10
25
What is -407a (base 12) in base 4?
-1231132
-7454 (base 13) to base 14
-5c3a
What is -1010010 (base 3) in base 9?
-1103
What is 817 (base 14) in base 16?
635
Convert -20251 (base 9) to base 15.
-3e3a
What is 3f (base 16) in base 5?
223
What is -197 (base 11) in base 12?
-16b
-11330 (base 5) to base 16
-348
-3570 (base 10) to base 5
-103240
What is 144647 (base 8) in base 13?
1a660
Convert 35a7 (base 14) to base 16.
248f
What is -660 (base 10) in base 2?
-1010010100
What is -9090 (base 10) in base 2?
-10001110000010
What is -110101101011110 (base 2) in base 15?
-8226
-18a5 (base 11) to base 8
-4556
10030113 (base 4) to base 3
212120010
Convert -894e (base 16) to base 3.
-1210012212
ad (base 16) to base 3
20102
What is 825 (base 9) in base 15?
2eb
Convert 2c1 (base 14) to base 10.
561
Convert -11043 (base 5) to base 15.
-368
-11962 (base 10) to base 4
-2322322
Convert -120224 (base 7) to base 5.
-1143400
What is -2860 (base 13) in base 12?
-3454
Convert 211 (base 4) to base 3.
1101
Convert 1732 (base 13) to base 16.
d5d
What is 100211 (base 6) in base 14?
2c11
What is 513 (base 14) in base 2?
1111100101
14043 (base 5) to base 8
2174
What is 1213 (base 9) in base 4?
32013
Convert 13752 (base 9) to base 5.
244422
What is -21032201 (base 4) in base 16?
-93a1
What is 450254 (base 6) in base 10?
37690
What is 1070 (base 8) in base 7?
1441
What is 2f8 (base 16) in base 14?
3c4
What is -446533 (base 7) in base 10?
-79159
What is -52 (base 15) in base 6?
-205
Convert 26012 (base 8) to base 13.
5193
What is 1010101111 (base 2) in base 11?
575
What is -11041 (base 6) in base 16?
-601
Convert 312 (base 10) to base 12.
220
Convert -35096 (base 10) to base 9.
-53125
Convert 1010101101 (base 2) to base 13.
409
What is -11000100101000 (base 2) in base 8?
-30450
c9e (base 15) to base 8
5441
What is 110111001111011 (base 2) in base 8?
67173
What is 209 (base 10) in base 5?
1314
Convert 1222200 (base 3) to base 8.
2651
Convert 14221 (base 5) to base 7.
3313
What is -1255 (base 6) in base 16?
-143
Convert -44 (base 8) to base 2.
-100100
1000111 (base 2) to base 6
155
7b5 (base 12) to base 10
1145
Convert -6605 (base 7) to base 4.
-210311
Convert 433044 (base 6) to base 10.
35668
-4052 (base 12) to base 3
-100120022
556 (base 12) to base 9
1063
Convert -67062 (base 8) to base 15.
-855a
What is -17694 (base 13) in base 14?
-125d9
11530 (base 10) to base 14
42b8
What is -2233023 (base 4) in base 6?
-123523
Convert 3301 (base 6) to base 8.
1365
-202032 (base 4) to base 6
-14050
Convert dd21 (base 16) to base 13.
1c9c7
-10535 (base 8) to base 5
-120240
What is -1030203 (base 5) in base 11?
-12208
Convert -343b (base 15) to base 9.
-16172
What is -5dd (base 15) in base 2?
-10100110101
-221330 (base 4) to base 6
-20232
Convert 1173 (base 9) to base 11.
727
Convert -2c8 (base 16) to base 14.
-38c
1343 (